{"id":6986,"date":"2026-02-19T21:55:53","date_gmt":"2026-02-19T20:55:53","guid":{"rendered":"https:\/\/jacknbob.fr\/charlinedubois\/?page_id=6986"},"modified":"2026-02-20T15:07:42","modified_gmt":"2026-02-20T14:07:42","slug":"lagence","status":"publish","type":"page","link":"https:\/\/charlinedubois.com\/index.php\/lagence\/","title":{"rendered":"1. L\u2019agence"},"content":{"rendered":"\n<div id=\"architecte1\" class=\"wp-block-group has-ti-bg-inv-background-color has-background wp-container-content-9cfa9a5a is-horizontal is-content-justification-center is-layout-flex wp-container-core-group-is-layout-f2e74213 wp-block-group-is-layout-flex\" style=\"margin-top:var(--wp--preset--spacing--80);margin-right:var(--wp--preset--spacing--20);margin-bottom:var(--wp--preset--spacing--80);margin-left:var(--wp--preset--spacing--20);padding-top:60px;padding-right:60px;padding-bottom:60px;padding-left:60px\">\n<div style=\"height:100px;width:0px\" aria-hidden=\"true\" class=\"wp-block-spacer wp-elements-3d3d096ffe8bac76699fd539cf08aeef wp-container-content-8a17e955\"><\/div>\n\n\n\n<div class=\"wp-block-media-text is-stacked-on-mobile has-custom-gris-3-color has-text-color has-link-color has-figtree-font-family has-normal-font-size wp-elements-db0e09c61cbc422fe8ace8ccd477d94b\" style=\"margin-right:0;margin-left:0;padding-right:0;padding-left:0;line-height:1.5;grid-template-columns:26% auto\" id=\"architecte\"><figure class=\"wp-block-media-text__media\"><img loading=\"lazy\" decoding=\"async\" width=\"757\" height=\"1024\" src=\"https:\/\/jacknbob.fr\/charlinedubois\/wp-content\/uploads\/2026\/02\/Charline_photo_profil_gemini-757x1024.png\" alt=\"Charline Dubois architecte d'interieur photo profil\" class=\"wp-image-6259 size-full\" srcset=\"https:\/\/charlinedubois.com\/wp-content\/uploads\/2026\/02\/Charline_photo_profil_gemini-757x1024.png 757w, https:\/\/charlinedubois.com\/wp-content\/uploads\/2026\/02\/Charline_photo_profil_gemini-222x300.png 222w, https:\/\/charlinedubois.com\/wp-content\/uploads\/2026\/02\/Charline_photo_profil_gemini-768x1039.png 768w, https:\/\/charlinedubois.com\/wp-content\/uploads\/2026\/02\/Charline_photo_profil_gemini.png 832w\" sizes=\"auto, (max-width: 757px) 100vw, 757px\" \/><\/figure><div class=\"wp-block-media-text__content\">\n<p class=\"has-custom-5-color has-text-color has-link-color has-dm-serif-display-font-family has-x-large-font-size wp-elements-66d9cc7283174d740ea0400835929c5c\">Qui suis-je ?<\/p>\n\n\n\n<p class=\"has-custom-gris-3-color has-text-color has-link-color has-figtree-font-family has-normal-font-size wp-elements-8271715bf926cc6d4a2b94f029d72123\" style=\"margin-right:0;margin-left:0;padding-right:0;padding-left:0;line-height:1.5\">Dipl\u00f4m\u00e9e d&rsquo;Etat en Architecture depuis 2014, apr\u00e8s un cursus de licence en Architecture \u00e0 l\u2019ENSA Paris Malaquais et un master en Architecture \u00e0&nbsp;l\u2019ENSA Toulouse. Deux \u00e9coles, deux villes, deux cursus diff\u00e9rents qui m&rsquo;ont permis d\u2019acqu\u00e9rir une vision \u00e0 la fois sensible et technique de l\u2019architecture.<\/p>\n\n\n\n<p class=\"has-custom-gris-3-color has-text-color has-link-color wp-elements-deed261ff6534736433c1c0f93e1f6e0\">A la fin de mes \u00e9tudes, je me sp\u00e9cialise dans l\u2019architecture d&rsquo;int\u00e9rieur&nbsp;: un m\u00e9tier qui me permet de pr\u00eater une \u00e9coute attentive aux envies, aux besoins mais aussi aux contraintes de mes clients pour les aider \u00e0 cr\u00e9er des espaces de vie ou de travail qui leur ressemblent.<\/p>\n\n\n\n<div class=\"wp-block-buttons is-layout-flex wp-block-buttons-is-layout-flex\">\n<div class=\"wp-block-button is-style-outline is-style-outline--1\"><a class=\"wp-block-button__link has-custom-5-color has-text-color has-link-color has-normal-font-size has-custom-font-size wp-element-button\" href=\"https:\/\/charlinedubois.com\/index.php\/contact\/\" style=\"border-width:1px;border-radius:35px;padding-top:0;padding-right:var(--wp--preset--spacing--40);padding-bottom:0;padding-left:var(--wp--preset--spacing--40)\">Discutons de votre projet<\/a><\/div>\n<\/div>\n\n\n\n<div style=\"height:51px\" aria-hidden=\"true\" class=\"wp-block-spacer\"><\/div>\n<\/div><\/div>\n<\/div>\n","protected":false},"excerpt":{"rendered":"<p>Qui suis-je ? Dipl\u00f4m\u00e9e d&rsquo;Etat en Architecture depuis 2014, apr\u00e8s un cursus de licence en Architecture \u00e0 l\u2019ENSA Paris Malaquais et un master en Architecture \u00e0&nbsp;l\u2019ENSA Toulouse. Deux \u00e9coles, deux villes, deux cursus diff\u00e9rents qui m&rsquo;ont permis d\u2019acqu\u00e9rir une vision \u00e0 la fois sensible et technique de l\u2019architecture. A la fin de mes \u00e9tudes, je [&hellip;]<\/p>\n","protected":false},"author":1,"featured_media":0,"parent":0,"menu_order":0,"comment_status":"closed","ping_status":"closed","template":"","meta":{"_themeisle_gutenberg_block_has_review":false,"footnotes":""},"class_list":["post-6986","page","type-page","status-publish","hentry"],"_links":{"self":[{"href":"https:\/\/charlinedubois.com\/index.php\/wp-json\/wp\/v2\/pages\/6986","targetHints":{"allow":["GET"]}}],"collection":[{"href":"https:\/\/charlinedubois.com\/index.php\/wp-json\/wp\/v2\/pages"}],"about":[{"href":"https:\/\/charlinedubois.com\/index.php\/wp-json\/wp\/v2\/types\/page"}],"author":[{"embeddable":true,"href":"https:\/\/charlinedubois.com\/index.php\/wp-json\/wp\/v2\/users\/1"}],"replies":[{"embeddable":true,"href":"https:\/\/charlinedubois.com\/index.php\/wp-json\/wp\/v2\/comments?post=6986"}],"version-history":[{"count":4,"href":"https:\/\/charlinedubois.com\/index.php\/wp-json\/wp\/v2\/pages\/6986\/revisions"}],"predecessor-version":[{"id":7027,"href":"https:\/\/charlinedubois.com\/index.php\/wp-json\/wp\/v2\/pages\/6986\/revisions\/7027"}],"wp:attachment":[{"href":"https:\/\/charlinedubois.com\/index.php\/wp-json\/wp\/v2\/media?parent=6986"}],"curies":[{"name":"wp","href":"https:\/\/api.w.org\/{rel}","templated":true}]}}